) to base 16
-18fc3
Convert -4cc4e8 (base 15) to base 14.
-6bd73c
1001100001110101 (base 2) to base 7
221534
-1100000000100100011 (base 2) to base 11
-249714
Convert -2320103133 (base 4) to base 10.
-754911
What is 202435134 (base 7) in base 6?
1101444000
Convert -21121211222 (base 3) to base 8.
-445061
What is -1323d4 (base 14) in base 8?
-2407606
-43651 (base 13) to base 9
-205211
Convert -55cb66 (base 13) to base 16.
-1ef039
What is -6496a (base 12) in base 7?
-1061620
1949b2 (base 14) to base 10
896464
What is 1000110111011011001111 (base 2) in base 6?
121452023
What is 20350 (base 13) in base 15?
12164
-22201222221 (base 3) to base 15
-35e97
494779 (base 11) to base 12
31881a
Convert -12101022221110 (base 3) to base 9.
-5338843
-434325 (base 8) to base 13
-51388
What is 1000001010001110011100 (base 2) in base 12?
871a50
-13246 (base 14) to base 2
-1011011111111110
What is -1022222222201 (base 3) in base 10?
-708580
What is -16461307 (base 9) in base 2?
-11111011101101101011100
682595 (base 15) to base 10
4969265
-1110110000000101110100 (base 2) to base 15
-515b9b
245493 (base 10) to base 15
4cb13
Convert 11010110011110010 (base 2) to base 13.
3ac9c
What is -6c2754 (base 13) in base 9?
-4755713
What is -50631056 (base 7) in base 14?
-7c01d6
20302260 (base 8) to base 16
4184b0
Convert -122013241 (base 6) to base 5.
-1044203331
-70254532 (base 8) to base 5
-12240042344
What is 674263 (base 8) in base 10?
227507
Convert -520055 (base 7) to base 14.
-24565
Convert -1101101000011 (base 2) to base 6.
-52151
-996621 (base 10) to base 5
-223342441
Convert -155c73 (base 14) to base 12.
-2bb911
1453347 (base 9) to base 6
25113111
What is -2164588 (base 9) in base 12?
-482022
Convert -100010010000010010 (base 2) to base 11.
-96461
What is 101100111101001010 (base 2) in base 13?
65a76
-2211210001 (base 4) to base 14
-1391cd
Convert -34115 (base 16) to base 9.
-354485
Convert -20112202001 (base 3) to base 15.
-2829a
1586985 (base 10) to base 7
16326531
Convert -260636 (base 7) to base 5.
-3021331
Convert -3106551 (base 7) to base 2.
-1011010110101111101
What is 12545722 (base 8) in base 12?
b33102
What is 166638 (base 9) in base 16?
1938e
-30289 (base 13) to base 6
-1502434
Convert -27e6f8 (base 16) to base 15.
-369c57
What is -2273a85 (base 13) in base 5?
-10203321041
-1311112222 (base 4) to base 2
-1110101010110101010
Convert 2451255 (base 9) to base 16.
145658
Convert 202020210000 (base 3) to base 6.
12313213
Convert 111000010101011010111 (base 2) to base 4.
13002223113
3762a6 (base 12) to base 15
12c5c0
What is 17766020 (base 8) in base 2?
1111111110110000010000
Convert -2227 (base 15) to base 3.
-100221001
Convert -3736 (base 14) to base 7.
-40066
What is -1175044 (base 8) in base 5?
-40414210
Convert 29c57 (base 13) to base 3.
11000100202
Convert -56636 (base 13) to base 7.
-1222601
Convert 12467 (base 16) to base 15.
172a5
What is -201012200220202 (base 3) in base 14?
-14da9a0
23852 (base 9) to base 2
11111010000100
What is -68970 (base 12) in base 2?
-100010000101100100
Convert -274e1 (base 15) to base 3.
-20101211011
-22201200221212 (base 3) to base 13
-c65882
3642705 (base 10) to base 5
1413031310
-11330 (base 14) to base 3
-2010022210
-111010111001110101011 (base 2) to base 7
-22256163
122233123 (base 4) to base 14
2bcb9
What is af52d (base 16) in base 6?
23220353
Convert -111102202100222 (base 3) to base 11.
-4037506
-636457 (base 8) to base 10
-212271
Convert -101001101101100000010 (base 2) to base 6.
-45143414
What is 3200111133 (base 4) in base 11?
578405
42604 (base 16) to base 6
5454404
-461818 (base 14) to base 6
-123050514
What is 357713 (base 11) in base 3?
1001210010211
Convert -52636176 (base 8) to base 4.
-222303301332
What is -1112211212010 (base 3) in base 11?
-512917
Convert 8360216 (base 9) to base 13.
c05a21
Convert 1a2a621 (base 14) to base 6.
1142530313
Convert -2014332243 (base 5) to base 7.
-46332132
Convert -1201111120121 (base 3) to base 12.
-381844
What is -23452553 (base 6) in base 5?
-142104234
6125608 (base 10) to base 16
5d7828
Convert 61741 (base 9) to base 6.
512231
1321036 (base 7) to base 13
60b14
What is -110111001000111000 (base 2) in base 12?
-aa848
-7012de (base 15) to base 9
-11007172
-53432 (base 14) to base 8
-610664
What is -12242705 (base 8) in base 4?
-22110113011
What is -2210011210220 (base 3) in base 4?
-11221100310
What is -210122303 (base 4) in base 7?
-1160621
What is -101311 (base 4) in base 13?
-69a
What is -330058 (base 9) in base 7?
-1450001
Convert 210212022211 (base 3) to base 2.
1101001000100001100
-220000302 (base 4) to base 16
-28032
Convert -968cbd (base 14) to base 7.
-61211226
What is -b268aa (base 16) in base 5?
-10443122302
What is bc5b5 (base 14) in base 2?
1101111011111000011
What is 542440551 (base 6) in base 11?
549a458
What is -265582 (base 11) in base 10?
-417298
What is -8b578 (base 13) in base 15?
-50219
What is c514c8 (base 14) in base 16?
657748
216544 (base 10) to base 14
58cb6
What is -203ba (base 14) in base 7?
-442123
Convert -4040342 (base 6) to base 2.
-101110110111000110
-f54449 (base 16) to base 3
-1010020122002222
Convert -244de4 (base 16) to base 5.
-1102113421
-a7ab56 (base 16) to base 8
-51725526
-171baa (base 12) to base 13
-10bb83
-2130344412 (base 5) to base 15
-5eb457
What is 100101 (base 9) in base 14?
17799
730677 (base 8) to base 6
5104515
Convert -468332 (base 13) to base 4.
-12120312212
What is -100110100110000100 (base 2) in base 15?
-31c8e
Convert -196661 (base 10) to base 8.
-600065
Convert -1b8b04a (base 12) to base 16.
-5a267a
What is 126375 (base 11) in base 15?
3dd5e
Convert a3434 (base 11) to base 10.
150924
What is -20121101010 (base 3) in base 5?
-13130120
Convert 56c40a (base 15) to base 14.
79b6b9
Convert -1201858 (base 9) to base 6.
-21541425
What is 3104603 (base 8) in base 16?
c8983
What is 166331 (base 8) in base 5?
3420013
What is 5083b6 (base 15) in base 6?
213551013
What is 534414 (base 10) in base 2?
10000010011110001110
377002 (base 8) to base 14
3581c
-164b07 (base 12) to base 7
-3146656
What is 80088 (base 10) in base 13?
2a5b8
-4136021 (base 8) to base 4
-10023300101
What is 36b11 (base 13) in base 4?
120212002
Convert 5c985 (base 13) to base 2.
101001101100101111
Convert 94875d (base 14) to base 15.
6919e2
-3632224 (base 9) to base 2
-111100000111100010110
Convert 126938 (base 12) to base 8.
1115674
720060 (base 11) to base 9
2152627
Convert 112220312 (base 4) to base 8.
265066
What is -24223567 (base 8) in base 5?
-2330143034
Convert 2019677 (base 13) to base 4.
211000322120
11001210211 (base 3) to base 8
234262
Convert 2130300310 (base 4) to base 8.
2346064
Convert -10042114 (base 6) to base 7.
-2266435
3117612 (base 9) to base 6
55410445
What is -230123400 (base 5) in base 13?
-299641
Convert -1d66c39 (base 14) to base 9.
-30712420
What is 72b58 (base 13) in base 5?
23100003
Convert 1523214 (base 6) to base 2.
10101101100011010
What is 1a31a7 (base 16) in base 10?
1716647
464a2 (base 14) to base 16
29c2e
-740765 (base 8) to base 2
-111100000111110101
What is 556115 (base 9) in base 6?
11043235
88801 (base 11) to base 16
1f6e9
-2723470 (base 10) to base 14
-50c738
-c9be5 (base 15) to base 7
-5305352
2255505 (base 6) to base 7
663653
Convert 20022130111 (base 4) to base 8.
10123425
What is 101011100110 (base 3) in base 4?
300311001
-240012 (base 8) to base 3
-11011101110
2f5d (base 16) to base 7
50231
100355333 (base 6) to base 14
3275a1
What is 5017356 (base 9) in base 3?
12000121101220
443144 (base 5) to base 8
36100
What is 21131224 (base 6) in base 13?
188698
12788782 (base 9) to base 16
60684b
-125535 (base 6) to base 9
-16875
Convert -256224 (base 7) to base 14.
-135bb
Convert 58e32d (base 15) to base 9.
7886617
What is -443723 (base 10) in base 15?
-8b718
Convert -213300210311 (base 4) to base 13.
-220c010
4553000 (base 6) to base 8
706270
Convert b4a287 (base 12) to base 3.
12100011200111
4176961 (base 10) to base 11
23a3238
What is -366612 (base 11) in base 2?
-10001101100010001100
-101312102 (base 4) to base 6
-1322242
-b7648 (base 14) to base 9
-744638
-86816 (base 12) to base 15
-37886
456760 (base 11) to base 15
e5308
82a056 (base 12) to base 15
2a73b9
What is -83366 (base 10) in base 7?
-465023
Convert -20